 - 46. Let r be i(13). Is b(r) composite?
False
Suppose 14*l - 11*l + 2*g - 36237 = 0, 2*l = 4*g + 24142. Is l a composite number?
True
Let u(p) = p**3 + 9*p**2 + 8*p + 8. Let z be u(-8). Let r = 10 - z. Suppose -m + 591 = r*s, -s - 3*m - 278 = -2*s. Is s a composite number?
False
Suppose 4*z - 225 = -0*o + 3*o, -1 = -o. Let m be (-16)/(-12)*-1*z. Let x = m - -135. Is x a prime number?
True
Is 2/9 + (-187011)/(-81) a composite number?
False
Suppose 35*n - 33*n - 36682 = 0. Is n a composite number?
False
Suppose 0 = 301*x - 303*x + 17018. Is x a composite number?
True
Let i = 138 + -223. Let b = 212 + i. Is b prime?
True
Let q(f) = -f**2 + 5*f + 6. Let i be q(5). Let p = i - 1. Suppose p*z - 246 = 479. Is z a prime number?
False
Let a = -99 + 289. Suppose -6*k + a = -38. Is k a composite number?
True
Suppose -297*n + 292*n + 52645 = 0. Is n prime?
True
Let l(p) = p**2 - 267*p + 4. Let u(k) = -3*k**2 + 535*k - 7. Let r(a) = -5*l(a) - 2*u(a). Let s(h) be the first derivative of r(h). Is s(0) prime?
False
Suppose -13*s = r - 15*s - 3405, 5*r + 4*s = 17095. Is r a composite number?
True
Let h = -23 + 24. Let m(w) = 12*w**2 + 6 + 5*w + h + 5. Is m(-7) prime?
False
Suppose -5*a + 4 = -1. Is (-26568)/(-64) - a/8 a composite number?
True
Let k be (5 - 171)/((-2)/(-2)). Is 1 + 1 + (-2 - k) prime?
False
Suppose -3*b = b - 16. Let l = -8 - -7. Is l - (12/b + -131) a prime number?
True
Suppose 92421 = 35*y - 15764. Is y a composite number?
True
Let m be (1 - 2) + 0 + 1. Let j be 5 + -2 - 0 - m. Suppose 0 = -j*d + 21 + 9. Is d prime?
False
Suppose 6*l = 3*l + 4*s + 1393, 928 = 2*l - 3*s. Is l a composite number?
False
Suppose -4*q - 3*i + 87065 = 0, -4*q - i = 4*i - 87063. Is q a prime number?
True
Let m(b) = 4*b**2 + 3*b**2 - 6*b**2 + 162 + b. Let f be m(0). Suppose 0 = -3*v + 45 + f. Is v prime?
False
Is (628/(-2))/(-5 + (4 - 1)) a composite number?
False
Let m(p) = 24*p + 43. Let i be m(-21). Let t = i + 768. Is t a prime number?
True
Let c = 269 + -44. Suppose 0 = -g + 856 - c. Is g composite?
False
Let r(t) = t**3 - 8*t**2 + 6*t + 14. Suppose -12 - 9 = -7*b. Let s be 2/(b*10/165). Is r(s) a composite number?
False
Is (-2934643)/142*-2*1 a prime number?
True
Let f(g) = 9*g**2 + 3*g + 31. Is f(-33) composite?
False
Suppose -4*z - 12880 = -0*z. Is (z/(-40))/(2/4) a prime number?
False
Suppose -27*s = -37*s + 235310. Is s a prime number?
True
Is 8/(48/(-20946))*-1 composite?
False
Let r(b) = -195*b - 8. Suppose -5*w + 7*s = 3*s + 10, 4*w = -2*s - 34. Let p be r(w). Is 2/(-8) + p/8 composite?
True
Suppose 2*x - x = 0. Suppose -5*d + 4*r + 19 = 0, 2*d + r - 4*r - 9 = x. Suppose t + 149 = 2*t + 5*q, 5*t - 745 = d*q. Is t composite?
False
Suppose 8*h - h - 14 = 0. Suppose 0 = -2*k - h*x + 1456, 6*k - 2190 = 3*k - x. Is k prime?
False
Let o(x) = x**3 - 2*x**2 + 4*x + 381. Is o(0) a composite number?
True
Let o(h) = 31*h**3 + 11*h**2 - 3*h + 5. Let k be o(5). Suppose 10*f = k + 9310. Is f a composite number?
True
Let s = 3360 + -1547. Suppose -22*a = -15*a - s. Is a prime?
False
Is (4893/3 - 0) + -105 + 113 composite?
True
Suppose 2*j + 0*u = 3*u + 10, -u - 2 = 0. Suppose 4*t - j - 6 = 0. Is t*3/((-6)/(-37)) prime?
True
Is 153/204*506316/9 a prime number?
True
Let t = -858 - -554. Let b = t - -607. Is b composite?
True
Suppose 7751 = 5*u - 2*h, u + 3*u - 6187 = -3*h. Suppose -v - 2040 = -4*m, u = 3*m + 3*v + v. Is m a composite number?
True
Suppose 5*v = j - 11239, -v - 4*v = 3*j - 33717. Is j a prime number?
True
Let x = 249 - 226. Is x a prime number?
True
Let h(x) = 14 - 9*x - 1 + 12 - 8. Is h(-4) composite?
False
Let t = 572 + 259. Let u = t + -136. Is u a composite number?
True
Is (41 - -21)/((-4)/(-478)) + -6 prime?
False
Suppose -5792 = -2*m - 2*m + 5*g, 0 = 2*m - 2*g - 2894. Let t = m - 802. Is t a composite number?
False
Let h(s) = 132*s**3 + 3*s**2 - 3*s + 3. Let f be h(2). Let b be ((-28)/8 - -3)/((-1)/6). Suppose -b*d + 6*d - f = 0. Is d prime?
False
Let u(w) = 7*w**2 - 4*w - 11. Suppose -6*z - 4*g + 12 = -4*z, 5*g - 12 = -z. Let i be 12/(z/(-4)*3). Is u(i) prime?
False
Let o(l) = 63*l**2 + 3*l - 5. Let a = -136 - -142. Is o(a) a composite number?
False
Suppose 4*h + 112 = -3*u, 3*h = -4*u - 2*h - 148. Let l = u - -114. Is l composite?
True
Suppose 3*o - 3*v - 96 = 0, 0*v = 3*o + 4*v - 89. Let m = 29 - o. Is (4/m - -1)*-53 a prime number?
True
Suppose -3*o + 3228 + 852 = 0. Let v = o + -941. Is v a composite number?
False
Let a(t) = -4681*t - 443. Is a(-30) prime?
True
Let z(p) = 466*p**2 + p - 33. Is z(4) a prime number?
False
Let j = -19647 - -41300. Is j a composite number?
True
Suppose -i + 4*d - 2058 = 0, -5*i - 12970 + 2614 = 2*d. Let r be (-3)/9*(i - 3). Suppose q = -2*l + 143, -5*q + 6*l - 4*l + r = 0. Is q a prime number?
True
Let i(w) = w**2 + w. Let g(l) = -l**3 - 4*l**2 - 4*l + 2. Let p(x) = -g(x) - 5*i(x). Let f be p(2). Is (-3)/((-6)/1270) + f prime?
False
Let m(p) = -p + 1. Let v be m(-4). Let q(n) = 0 + 5 - 3*n**2 + v*n**2. Is q(-6) prime?
False
Suppose 3*a + 9 = 0, -2*a + 6 = u - 12. Suppose u*n = 33*n - 22131. Is n composite?
False
Suppose 0 = -r + 57 + 433. Let g be r/154 + (-2)/11. Suppose -9*h = -g*h - 132. Is h prime?
False
Suppose 191301 = 29*r - 31738. Is r a composite number?
False
Let u be -10 - (2 + 1 + -2). Let x = u + 84. Let l = -36 + x. Is l a composite number?
False
Suppose m = 3*c - 7, 4*c + 2*m - 7 = 3*c. Suppose s - 3*k = 460, -1413 = -c*s - k - k. Is s a prime number?
False
Suppose -21*i - 30 = -18*i. Is (-5)/25 + (-48672)/i a prime number?
False
Let k(h) = -765*h - 4. Let b(p) = -p**2 + 8*p + 8. Let j be b(9). Is k(j) prime?
True
Is (-45)/75 + 105924/15 prime?
False
Suppose -48*t + 1085276 = -809428. Is t composite?
True
Let q be (-2)/(-11) - (-12)/(-66) - -2601. Let x = q - 554. Is x prime?
False
Suppose 2*r = -5*p + 5, 3*p - 2 = 3*r + 1. Let u be -800 + p + (-2 - 0). Is (6/9)/((-6)/u) prime?
True
Suppose 7*d - 234 = 4*d. Let x be 254/(-6)*d/(-2). Suppose 569 = l - 4*c, 7*l = 4*l - 2*c + x. Is l a composite number?
True
Suppose -2*v + 2 = 3*h, -v + 3*h + 14 = -2*h. Suppose 3*b = -v*a + 1556, 2*a + 6*b - 778 = 4*b. Is a a composite number?
False
Let l(q) = q**2 - 5*q + 2. Let y be l(5). Let c be (-1)/(1*(-1)/y). Is (-6111)/(-42) + (-1)/c prime?
False
Let q(p) = p**3 + p. Let l(m) = 5*m**3 + m**2 + 8*m - 7. Let s(r) = -l(r) + 6*q(r). Let g be s(0). Suppose g*b + 237 = 10*b. Is b composite?
False
Suppose 4*z + 7328 + 1415 = 3*p, -2906 = -p + 3*z. Is p a prime number?
False
Suppose 8*t - 42086 + 10174 = 0. Is t composite?
False
Let s = -1758 - -4479. Is s prime?
False
Let h = 631 - -2926. Is h prime?
True
Suppose -42 = 11*b - 4*b. Is -5 - 1341*b/9 composite?
True
Let h = 0 + 4. Suppose h*b - 3*p = 38, 64 = 4*b + 2*p + 16. Is (b - 9) + 1*125 a prime number?
True
Suppose -3*k - 2*k = l - 4, 3*k - 4*l + 16 = 0. Suppose n = -k*v + v, n = 5*v - 20. Suppose -12 - 163 = -5*c - 4*r, 3*c = -v*r + 118. Is c composite?
False
Suppose 5*n - 928 + 156 = 3*x, 3*n - 472 = 4*x. Suppose 3*b = 4*b - 2. Suppose n + 266 = b*i. Is i a prime number?
False
Suppose 0 = 3*y + 4*k + 304, 0*k + k = 5*y + 545. Let d = 811 + y. Suppose -49 = 2*f - d. Is f composite?
True
Let y be (-3 + 3 - 1757)*(2 - 1). Let j = 3016 + y. Is j prime?
True
Suppose 56116 = 10*i - 77374. Is i a composite number?
True
Suppose 7*f - 1813 = 8484. Is f prime?
True
Let i(p) = 3*p**2 + 7. Let b be 24/(-30)*15/(-6). Let y be (-19)/b - (-19)/(-38). Is i(y) prime?
True
Let n be 7 + -6 - (0 + 1). Let c be 2 + n/(-3) + 2. Suppose u - 3*g = -c*u + 289, -u - 4*g + 67 = 0. Is u prime?
True
Let q = 35524 + 3685. Is q prime?
True
Is 6/4*(1669470/45 - -4) prime?
False
Is (18686/4)/(16/32) a composite number?
False
Suppose 0 = -c + 2*y + 6, 0*c + 4*c + y = -3. Suppose -i - h + 11 = c, -2*h - 6 - 77 = -5*i. Let r = 400 + i. Is r a prime number?
False
Let z be 1/8*-2 - (-91)/28. Suppose -v + 3*h = -z*v + 60, -159 = -5*v - 3*h. Is v prime?
False
Suppose -2*n - y = -16, -2*y = 4 - 0. Let h(g) = g**3 + 12*g**2 - 11*g - 5. Is h(n) a prime number?
True
Let g(s) = -8*s**3 - 26*s**2 + 37*s - 13. Is g(-20) composite?
True
Let f(r) = 3*r**3 - r**2 + 2*r - 2. Let k be f(3). Is -9*(-3)/9 + k composite?
False
Let b(y) = 217*y**2 - 13*y - 11. Is b(3) a composite number?
True
Let j = -169 - -56